prime factors of a.
73
Let v(x) = -2*x**3 - 3*x**2. Let j be v(-2). Suppose -j*h + 8*h = 4*t - 408, -5*h - 20 = 0. Suppose 4*f = t + 170. List the prime factors of f.
67
Suppose 4*d - 5*u - 1472 = d, -2*d = 3*u - 956. List the prime factors of d.
2, 11
Suppose 2*s + 3 - 9 = 0. Suppose i = s*r, -2*i - r + 18 = -17. List the prime factors of (6 - 5) + 3*i.
2, 23
Let h be (1/1)/(2/(3*-4)). Let c be -1 + 0 - (0 - -23). Let z = h - c. What are the prime factors of z?
2, 3
Suppose r - 3*p - 415 = 689, 3*r = -5*p + 3256. Suppose -15*d = -d - r. What are the prime factors of d?
2, 3, 13
Let b = -25 + 39. Let j = b + -7. Suppose 8*u - j*u = 51. List the prime factors of u.
3, 17
Let t(p) = -132*p + 151. What are the prime factors of t(-4)?
7, 97
Let o(l) = -5 + 8*l - 9*l**2 + 4*l**3 - 5*l**3 + 2*l**3. Let v be o(8). Let j(x) = -3*x - 5. What are the prime factors of j(v)?
2, 5
Suppose -2*t + 4*h - 172 = 2*t, 170 = -5*t - 4*h. Suppose -2*v = 10, -3*v - 73 = -5*u + 212. Let o = u + t. What are the prime factors of o?
2
Suppose c - 5*a = 482, -5*c + c + 4*a + 1848 = 0. List the prime factors of c.
457
Suppose -2 = 2*t, c + 3*c = -2*t - 2006. Let a = c - -720. What are the prime factors of a?
3, 73
Let k = 596 + -361. Suppose 0 = -6*r + 491 + k. List the prime factors of r.
11
Let a = -341 - -1308. List the prime factors of a.
967
Let f = -9 + 5. Let z be -3 + f*2/4. What are the prime factors of (1/2)/(z/(-180))?
2, 3
Suppose 28*g = 33*g + 1065. Let b = -58 - g. List the prime factors of b.
5, 31
Let w(q) = 2*q**3 - 41*q**2 + 27*q - 77. List the prime factors of w(21).
7, 19
Suppose 0 = 5*k + 8*r - 7*r - 5582, -r = -k + 1120. List the prime factors of k.
1117
Let c = -89 + 402. List the prime factors of c.
313
Let y(h) = h**2 - 3*h + 6. Let m(l) = -l - 1. Let r(v) = 4*m(v) + y(v). Let b = 190 - 183. What are the prime factors of r(b)?
2
Suppose 0 = -3*m + 1449 + 3573. List the prime factors of m.
2, 3, 31
Let k = -10 - -14. Suppose -o = 2*o + 3*v - 18, k*o + v = 21. Suppose t = -o, 2*g - 61 = -2*g - 3*t. What are the prime factors of g?
19
Let d(p) = p**3 + 4*p**2 + 2*p - 1. Let j be d(-3). Suppose 2*s = 3*s + z - 30, -5*s - j*z + 150 = 0. List the prime factors of s.
2, 3, 5
Suppose -4*p = -0*w + w - 123, -3*p - 3*w = -99. Suppose 0 = -f + 46 + p. Suppose f = 3*i - 128. What are the prime factors of i?
2, 17
Let j = 78 + -81. Let d(c) = -7*c**3 + 3*c**2 - c + 7. List the prime factors of d(j).
2, 113
Let d(c) = 6*c**2 + 9*c + 6. Let m be d(-5). Suppose -3*a + 36 = -m. What are the prime factors of a?
7
Suppose 0 = -5*g - 4*c + 10468, 5*g + 2*c - 2240 = 8234. What are the prime factors of g?
2, 131
List the prime factors of (10 + (-92)/8)*-278.
3, 139
Let t be 15/(-6)*(-16)/20. Suppose 3*m - 128 = -2*q + 20, 0 = q + t*m - 74. What are the prime factors of q?
2, 37
Let b(g) = 4*g**2 + 6*g + 34. What are the prime factors of b(8)?
2, 13
Let p(v) = 438*v + 10. List the prime factors of p(3).
2, 331
Let a be 389 - ((0 - 5) + 7). Suppose 4*b + 191 = a. What are the prime factors of b?
7
Let v(u) = 14*u**3 + 2*u**2 - 4 + 4 - 1. Let a = 470 + -469. What are the prime factors of v(a)?
3, 5
Let d be (-1280)/28 + 2/(-7). Let s = d + 143. What are the prime factors of s?
97
Suppose 2*q - s = 407, -q + 200 = 2*s + s. List the prime factors of q.
7, 29
Let l(n) = 5*n + 2. Let x be l(10). Suppose 176 + x = 3*b. List the prime factors of b.
2, 19
Let b(x) = -30*x - 14. Suppose 2*w - 4*w = 12. List the prime factors of b(w).
2, 83
Suppose m - 5 = 0, -y - 4*y + 5*m = -15020. What are the prime factors of y?
3, 17, 59
Let q be ((-120)/16)/(1 - (-3)/(-6)). Suppose -300 = -3*b + 3*d - 5*d, 279 = 3*b - 5*d. List the prime factors of b/5 + 9/q.
19
Let r(n) = 132*n**2 - 3*n + 2. Suppose 4*h - 3*l = -8, 0*h + 5*h + 5*l - 25 = 0. What are the prime factors of r(h)?
131
What are the prime factors of (-6 - 5/(-4))/(2/(-1384))?
19, 173
Let w be (-1)/(-5) + (-126)/30. Let k be (22/w)/((-2)/(-12)). Let p = k - -76. What are the prime factors of p?
43
Let r = 1377 - 893. Let q = r + -262. List the prime factors of q.
2, 3, 37
Let u be -1*(-8)/(-6)*-3. Let l(m) = -m**2 + m + 2. Let y be l(2). Suppose 0*i + u*i - 52 = y. What are the prime factors of i?
13
Let p(x) be the third derivative of x**6/120 - x**5/6 + 7*x**3/3 - 3*x**2. What are the prime factors of p(10)?
2, 7
Let a = 1791 - 779. Suppose -14*x = -3*x - a. List the prime factors of x.
2, 23
Let b(f) = f**2 - 4*f + 5. Let t be b(4). Suppose 173 = t*w + 438. Let s = -22 - w. What are the prime factors of s?
31
Let s(l) = l**3 + 9*l**2 - 10*l - 2. Let d be s(-10). Let z be (d/5)/(6/(-15)). Let p(t) = 12*t. List the prime factors of p(z).
2, 3
Let n(p) = p**3 - 4*p**2 + 3. Let r be (-2)/5 + (-48)/5. Let j be ((-9)/18)/(1/r). What are the prime factors of n(j)?
2, 7
Let u(v) = -v**3 + 6*v**2 - 3*v + 7. Let j be u(5). Suppose -j + 87 = -5*s. Let d = s - -19. What are the prime factors of d?
5
Suppose a - 296 = -4*h, -4*h = -20*a + 18*a + 544. What are the prime factors of a?
2, 5, 7
Let d(a) = a**3 + 20*a**2 + a + 23. Let b be d(-20). Suppose b*p = 13*p - 720. List the prime factors of p.
2, 3
Let m(f) = -3*f**3 - 4*f**2 - f - 2. Let l = 25 - 53. Let u be 26/(-8) - 7/l. What are the prime factors of m(u)?
2, 23
Let o(l) = 3*l**3 + 3*l**2 + 10*l - 15. What are the prime factors of o(5)?
5, 97
Let w(s) = 7*s**3 + 18*s**2 + 6*s + 16. Let t(p) = 20*p**3 + 53*p**2 + 18*p + 48. Let d(k) = 6*t(k) - 17*w(k). What are the prime factors of d(-11)?
71
Let i(x) = -x**3 - 7*x**2 + x + 7. Let c be i(-5). Let u = c + 116. Let f = -26 + u. What are the prime factors of f?
2, 3, 7
Suppose -2*g - 3*p + 709 = 0, 4*g + 8*p = 4*p + 1412. List the prime factors of g.
2, 5, 7
Let t = 62 - -321. List the prime factors of t.
383
Suppose -1339 = -v + 1041. What are the prime factors of v?
2, 5, 7, 17
Let o(u) = -3*u + 25. Let m(y) = 2*y - 25. Let j(x) = -3*m(x) - 4*o(x). What are the prime factors of j(8)?
23
Let w(y) = y**3 + 6*y**2 + 2*y + 1. Let d be w(-5). Let x = 51 + -37. Suppose d*n - x*n = 14. List the prime factors of n.
7
Let y(g) = 3*g - 1. Suppose 4*p = 5*p + 3. Let c be y(p). Let q = -7 - c. List the prime factors of q.
3
Let v(g) = -g**3 + 3*g**2 + 7*g - 9. Let l be v(4). Suppose -3*h + z = -0*z - 142, -l*h + 3*z = -132. Let x = 15 + h. List the prime factors of x.
2
Suppose -3*x - 2*k + 0 + 1 = 0, -x - 5*k = 4. Suppose 15 = 4*c - x. List the prime factors of c.
2
Let v = 4 + 0. Suppose -v*r + r = 39. Let s(n) = -n - 1. List the prime factors of s(r).
2, 3
Suppose 4*v = 3*v + 2*x + 15, -107 = -5*v + 2*x. What are the prime factors of v?
23
Suppose 611*a = 601*a + 12450. What are the prime factors of a?
3, 5, 83
Let m be (-8)/(-20) + (-154)/10. Let u = 25 + m. What are the prime factors of u?
2, 5
Let n = 87 - 72. Suppose n*u = 14*u + 48. List the prime factors of u.
2, 3
Let l = -24 + 23. Let q be 2 - l - (-5 - 39). Suppose 2*z - 29 = q. List the prime factors of z.
2, 19
Let j(k) = 4*k - 25. Let y be j(8). Suppose 2*h = h + y. Suppose 4*f + 102 = h*f. List the prime factors of f.
2, 17
Let f(s) = s**3 + 2*s**2 - 5*s - 3. Let z be f(-3). Suppose -z*v = -7*v + 356. List the prime factors of v.
89
Suppose 15798 = 22*f - 18456. List the prime factors of f.
3, 173
Suppose 3*g - 2*g + 26 = 5*u, -4*u = 2*g - 18. Let a(p) = -7*p + 1. Let n be a(g). Let k(m) = 2*m + 1. List the prime factors of k(n).
17
Let f(o) be the third derivative of -o**6/180 - o**5/40 + 7*o**4/24 + 2*o**2. Let b(t) be the second derivative of f(t). What are the prime factors of b(-7)?
5
Suppose 0 = 58*l - 47541 - 34181. What are the prime factors of l?
1409
Suppose -13*p + 12*p = -6. What are the prime factors of p?
2, 3
Suppose -200 = -6*x - 62. List the prime factors of x.
23
Let y(d) be the second derivative of 0 + 3/2*d**2 + 1/12*d**4 - 2*d + 8/3*d**3. What are the prime factors of y(-16)?
3
Let y(a) = -23*a - 37. Let m be y(-9). Suppose 2*z = m + 202. List the prime factors of z.
2, 3, 31
Suppose -3*g + 4*d + 1359 + 1051 = 0, d - 5 = 0. What are the prime factors of g?
2, 3, 5
Suppose 5*c = -3*p + 1519 + 570, 2105 = 5*c - 5*p. What are the prime factors of c?
419
Suppose -2360 = 9*r - 11*r - 4*c, 0 = -4*r - 5*c + 4714. List the prime factors of r.
2, 3, 7
Let z(n) = -3*